 is the remainder when 297 is divided by 10?
7
Calculate the remainder when 6208 is divided by 54.
52
What is the remainder when 548 is divided by 50?
48
What is the remainder when 104 is divided by 12?
8
Calculate the remainder when 38 is divided by 14.
10
Calculate the remainder when 1372 is divided by 171.
4
What is the remainder when 3158 is divided by 17?
13
Calculate the remainder when 161 is divided by 67.
27
Calculate the remainder when 349 is divided by 35.
34
Calculate the remainder when 4367 is divided by 78.
77
What is the remainder when 4412 is divided by 1467?
11
What is the remainder when 66 is divided by 17?
15
Calculate the remainder when 41 is divided by 7.
6
Calculate the remainder when 9049 is divided by 73.
70
Calculate the remainder when 169 is divided by 17.
16
What is the remainder when 1439 is divided by 14?
11
Calculate the remainder when 4779 is divided by 531.
0
Calculate the remainder when 24083 is divided by 12.
11
What is the remainder when 26 is divided by 9?
8
Calculate the remainder when 1071 is divided by 127.
55
Calculate the remainder when 313 is divided by 64.
57
Calculate the remainder when 2975 is divided by 24.
23
What is the remainder when 3386 is divided by 121?
119
Calculate the remainder when 583 is divided by 73.
72
Calculate the remainder when 1070 is divided by 216.
206
What is the remainder when 106 is divided by 32?
10
What is the remainder when 31750 is divided by 21?
19
What is the remainder when 251 is divided by 84?
83
What is the remainder when 317 is divided by 80?
77
What is the remainder when 570 is divided by 283?
4
Calculate the remainder when 40178 is divided by 196.
194
Calculate the remainder when 29 is divided by 8.
5
What is the remainder when 14237 is divided by 160?
157
What is the remainder when 839 is divided by 70?
69
What is the remainder when 993 is divided by 19?
5
What is the remainder when 1510 is divided by 17?
14
What is the remainder when 38 is divided by 11?
5
What is the remainder when 751 is divided by 124?
7
Calculate the remainder when 2273 is divided by 23.
19
Calculate the remainder when 715 is divided by 5.
0
What is the remainder when 3001 is divided by 74?
41
What is the remainder when 5540 is divided by 146?
138
Calculate the remainder when 567 is divided by 161.
84
What is the remainder when 51 is divided by 37?
14
What is the remainder when 700 is divided by 16?
12
What is the remainder when 161 is divided by 45?
26
What is the remainder when 2221 is divided by 19?
17
What is the remainder when 4092 is divided by 22?
0
Calculate the remainder when 528 is divided by 30.
18
Calculate the remainder when 2246 is divided by 4.
2
What is the remainder when 36 is divided by 27?
9
Calculate the remainder when 4489 is divided by 64.
9
Calculate the remainder when 109 is divided by 8.
5
What is the remainder when 657 is divided by 47?
46
What is the remainder when 205 is divided by 4?
1
What is the remainder when 2438 is divided by 11?
7
Calculate the remainder when 46747 is divided by 55.
52
Calculate the remainder when 2167 is divided by 45.
7
Calculate the remainder when 334 is divided by 8.
6
Calculate the remainder when 68 is divided by 38.
30
What is the remainder when 1593 is divided by 38?
35
What is the remainder when 120 is divided by 35?
15
Calculate the remainder when 171 is divided by 79.
13
What is the remainder when 15 is divided by 14?
1
Calculate the remainder when 531 is divided by 175.
6
Calculate the remainder when 19869 is divided by 144.
141
Calculate the remainder when 109 is divided by 14.
11
Calculate the remainder when 4719 is divided by 1172.
31
What is the remainder when 162 is divided by 41?
39
What is the remainder when 106 is divided by 12?
10
Calculate the remainder when 115 is divided by 65.
50
Calculate the remainder when 102 is divided by 21.
18
Calculate the remainder when 1117 is divided by 66.
61
Calculate the remainder when 201 is divided by 90.
21
Calculate the remainder when 25 is divided by 13.
12
What is the remainder when 113 is divided by 76?
37
What is the remainder when 961 is divided by 425?
111
What is the remainder when 6737 is divided by 24?
17
What is the remainder when 377 is divided by 368?
9
What is the remainder when 259 is divided by 86?
1
Calculate the remainder when 2987 is divided by 38.
23
What is the remainder when 301 is divided by 117?
67
Calculate the remainder when 199 is divided by 8.
7
What is the remainder when 81 is divided by 45?
36
Calculate the remainder when 11476 is divided by 442.
426
Calculate the remainder when 195 is divided by 59.
18
What is the remainder when 119 is divided by 43?
33
What is the remainder when 178 is divided by 3?
1
Calculate the remainder when 321 is divided by 104.
9
Calculate the remainder when 1980 is divided by 104.
4
What is the remainder when 1654 is divided by 41?
14
What is the remainder when 1758 is divided by 11?
9
What is the remainder when 2252 is divided by 47?
43
What is the remainder when 1025 is divided by 57?
56
What is the remainder when 108 is divided by 29?
21
What is the remainder when 1485 is divided by 124?
121
Calculate the remainder when 1550 is divided by 156.
146
What is the remainder when 501 is divided by 285?
216
What is the remainder when 983 is divided by 131?
66
What is the remainder when 58478 is divided by 80?
78
Calculate the remainder when 139 is divided by 72.
67
Calculate the remainder when 70 is divided by 27.
16
Calculate the remainder when 183 is divided by 61.
0
Calculate the remainder when 520 is divided by 65.
0
Calculate the remainder when 1216 is divided by 6.
4
What is the remainder when 10 is divided by 10?
0
Calculate the remainder when 18 is divided by 11.
7
What is the remainder when 304 is divided by 14?
10
Calculate the remainder when 584 is divided by 573.
11
What is the remainder when 34917 is divided by 24?
21
What is the remainder when 1343 is divided by 12?
11
What is the remainder when 4971 is divided by 19?
12
What is the remainder when 350 is divided by 118?
114
Calculate the remainder when 151 is divided by 80.
71
Calculate the remainder when 75 is divided by 40.
35
What is the remainder when 529 is divided by 76?
73
What is the remainder when 2089 is divided by 65?
9
Calculate the remainder when 192 is divided by 43.
20
What is the remainder when 1939 is divided by 53?
31
What is the remainder when 687 is divided by 46?
43
What is the remainder when 60 is divided by 19?
3
Calculate the remainder when 152 is divided by 81.
71
Calculate the remainder when 1209 is divided by 87.
78
What is the remainder when 1386 is divided by 44?
22
Calculate the remainder when 2043 is divided by 22.
19
What is the remainder when 1478 is divided by 106?
100
What is the remainder when 3814 is divided by 12?
10
Calculate the remainder when 116 is divided by 74.
42
What is the remainder when 983 is divided by 36?
11
What is the remainder when 186 is divided by 91?
4
Calculate the remainder when 97 is divided by 49.
48
What is the remainder when 3597 is divided by 5?
2
Calculate the remainder when 4 is divided by 4.
0
Calculate the remainder when 1035 is divided by 74.
73
Calculate the remainder when 569 is divided by 39.
23
What is the remainder when 418 is divided by 60?
58
What is the remainder when 76 is divided by 10?
6
Calculate the remainder when 1706 is divided by 107.
101
Calculate the remainder when 25 is divided by 14.
11
What is the remainder when 161 is divided by 56?
49
Calculate the remainder when 41 is divided by 27.
14
What is the remainder when 8 is divided by 5?
3
What is the remainder when 361 is divided by 67?
26
What is the remainder when 157 is divided by 40?
37
What is the remainder when 930 is divided by 272?
114
Calculate the remainder when 105 is divided by 27.
24
What is the remainder when 344 is divided by 23?
22
What is the remainder when 7213 is divided by 41?
38
Calculate the remainder when 293 is divided by 76.
65
Calculate the remainder when 1097 is divided by 2.
1
What is the remainder when 64 is divided by 30?
4
What is the remainder when 207 is divided by 10?
7
Calculate the remainder when 4617 is divided by 577.
1
Calculate the remainder when 978 is divided by 242.
10
What is the rema